52.
26
Calculate the highest common factor of 240 and 101280.
240
What is the highest common factor of 56 and 182?
14
Calculate the highest common divisor of 333 and 185.
37
What is the greatest common divisor of 1166 and 176?
22
What is the highest common divisor of 12 and 318?
6
What is the greatest common divisor of 76 and 9652?
76
Calculate the greatest common factor of 36 and 3300.
12
Calculate the highest common divisor of 7239 and 57.
57
Calculate the highest common divisor of 663 and 969.
51
What is the greatest common factor of 392 and 224?
56
Calculate the highest common divisor of 98 and 182.
14
Calculate the highest common factor of 32 and 48.
16
Calculate the greatest common factor of 38731 and 22.
11
Calculate the highest common factor of 568 and 1207.
71
What is the highest common divisor of 2086 and 447?
149
What is the greatest common factor of 33 and 44?
11
Calculate the greatest common factor of 8 and 4.
4
Calculate the greatest common factor of 15 and 12.
3
What is the highest common divisor of 33 and 4?
1
Calculate the highest common divisor of 1952 and 12.
4
What is the greatest common factor of 14595 and 75?
15
Calculate the highest common factor of 2492 and 14596.
356
What is the highest common divisor of 1710 and 1620?
90
Calculate the greatest common divisor of 1222 and 52.
26
What is the greatest common factor of 2 and 77?
1
Calculate the highest common divisor of 341 and 31.
31
What is the greatest common factor of 273 and 30121?
91
Calculate the highest common divisor of 781 and 11.
11
Calculate the greatest common divisor of 413 and 1770.
59
Calculate the greatest common divisor of 400 and 100.
100
Calculate the highest common divisor of 451 and 287.
41
What is the greatest common divisor of 4082 and 182?
26
What is the highest common divisor of 63 and 504?
63
Calculate the highest common factor of 96 and 40.
8
What is the highest common divisor of 14 and 518?
14
Calculate the greatest common factor of 24 and 24.
24
What is the greatest common factor of 4 and 1229?
1
What is the greatest common factor of 1 and 256?
1
Calculate the greatest common divisor of 724 and 16.
4
Calculate the highest common divisor of 969 and 57.
57
What is the highest common factor of 11303 and 508?
127
Calculate the greatest common factor of 2 and 1468.
2
Calculate the highest common factor of 18 and 24.
6
Calculate the highest common divisor of 475 and 285.
95
Calculate the greatest common divisor of 561 and 2442.
33
What is the greatest common divisor of 378 and 36?
18
What is the greatest common divisor of 63 and 4977?
63
What is the greatest common divisor of 75 and 2300?
25
What is the highest common factor of 1411 and 17?
17
Calculate the greatest common factor of 744 and 14632.
248
Calculate the highest common factor of 185 and 15.
5
What is the greatest common factor of 245 and 1323?
49
What is the greatest common divisor of 1598 and 47?
47
What is the highest common divisor of 15 and 100?
5
What is the highest common divisor of 16 and 1792?
16
Calculate the greatest common divisor of 8 and 1.
1
Calculate the greatest common divisor of 4650 and 558.
186
What is the greatest common divisor of 5111 and 38?
19
What is the highest common factor of 100 and 75?
25
Calculate the highest common divisor of 140 and 12124.
28
What is the greatest common factor of 8 and 162?
2
What is the greatest common divisor of 21068 and 92?
92
Calculate the highest common divisor of 2 and 10.
2
Calculate the greatest common divisor of 2450 and 50.
50
What is the greatest common divisor of 5 and 109?
1
Calculate the highest common factor of 791 and 7.
7
What is the greatest common factor of 47 and 235?
47
Calculate the greatest common divisor of 34 and 833.
17
What is the highest common divisor of 99 and 2145?
33
Calculate the highest common divisor of 305 and 15.
5
Calculate the greatest common factor of 1750 and 75.
25
Calculate the greatest common divisor of 12 and 39.
3
What is the highest common divisor of 72 and 832?
8
What is the greatest common divisor of 25 and 45?
5
What is the highest common factor of 174 and 78?
6
What is the greatest common factor of 110 and 295?
5
What is the highest common factor of 126 and 966?
42
Calculate the greatest common factor of 11 and 407.
11
What is the highest common divisor of 140 and 56?
28
What is the greatest common divisor of 3764 and 8?
4
What is the highest common divisor of 36 and 27?
9
Calculate the highest common factor of 52 and 247.
13
Calculate the greatest common factor of 95 and 2033.
19
What is the highest common factor of 16074 and 57?
57
Calculate the highest common factor of 533 and 26.
13
What is the greatest common divisor of 594 and 429?
33
Calculate the greatest common divisor of 18 and 846.
18
What is the greatest common divisor of 27 and 1539?
27
What is the highest common factor of 64 and 33152?
64
Calculate the highest common factor of 330 and 363.
33
Calculate the highest common factor of 81 and 81.
81
Calculate the highest common factor of 986 and 34.
34
What is the greatest common factor of 37 and 148?
37
What is the greatest common factor of 60 and 160?
20
Calculate the highest common divisor of 113 and 2034.
113
Calculate the greatest common divisor of 3308 and 12.
4
Calculate the greatest common divisor of 276 and 4.
4
Calculate the highest common factor of 60 and 210.
30
What is the greatest common divisor of 192 and 24?
24
Calculate the greatest common factor of 225 and 10.
5
Calculate the highest common divisor of 1564 and 544.
68
What is the highest common divisor of 1130 and 10?
10
Calculate the greatest common divisor of 618 and 246.
6
What is the greatest common factor of 489 and 1304?
163
What is the highest common factor of 253 and 11?
11
Calculate the highest common factor of 1971 and 27.
27
What is the highest common factor of 25 and 200?
25
What is the highest common divisor of 261 and 377?
29
What is the highest common divisor of 11956 and 35?
7
What is the greatest common factor of 520 and 90?
10
What is the greatest common factor of 225 and 175?
25
What is the highest common divisor of 480 and 96?
96
What is the greatest common divisor of 60874 and 11?
11
What is the greatest common divisor of 18 and 90?
18
Calculate the highest common divisor of 222 and 3256.
74
Calculate the highest common factor of 2959 and 77.
11
What is the greatest common divisor of 700 and 8?
4
Calculate the highest common factor of 6 and 5262.
6
What is the greatest common divisor of 595 and 2635?
85
Calculate the highest common factor of 48 and 1400.
8
What is the highest common divisor of 20 and 9710?
10
What is the highest common factor of 162 and 1458?
162
Calculate the greatest common factor of 24 and 258.
6
What is the greatest common divisor of 15 and 870?
15
Calculate the highest common factor of 24 and 60.
12
What is the highest common divisor of 10 and 45?
5
What is the greatest common divisor of 60 and 3?
3
What is the greatest common factor of 9223 and 46?
23
What is the highest common divisor of 327 and 3?
3
Calculate the greatest common divisor of 38 and 1273.
19
Calculate the highest common divisor of 46 and 115.
23
Calculate the greatest common divisor of 80 and 480.
80
What is the greatest common divisor of 86 and 215?
43
Calculate the greatest common divisor of 667 and 29.
29
Calculate the highest common factor of 154 and 56.
14
What is the greatest common factor of 132 and 330?
66
Calculate the highest common divisor of 28 and 12614.
14
What is the highest common factor of 558 and 90?
18
Calculate the greatest common divisor of 798 and 70.
14
Calculate the highest common divisor of 210 and 1372.
14
What is the highest common divisor of 384 and 6?
6
Calculate the highest common divisor of 111 and 29193.
111
Calculate the highest common divisor of 78 and 858.
78
What is the greatest common divisor of 546 and 390?
78
What is the greatest common divisor of 291 and 282?
3
What is the highest common divisor of 16260 and 360?
60
Calculate the highest common divisor of 851 and 23.
23
Calculate the greatest common factor of 2101 and 792.
11
Calculate the greatest common factor of 140 and 364.
28
What is the highest common factor of 78 and 1196?
26
Calculate the highest comm